ctor of n and 8.
4
Let u = 4388 + -4267. What is the highest common divisor of 264 and u?
11
Suppose 0 = l + 3*o + 5, -l = 2*o - 0*o + 2. Suppose -330 = -l*m + m. Let i = -110 + 120. Calculate the greatest common divisor of m and i.
10
Let i = 4 - -17. Suppose 19*p - 20*p = -2*b - 15, 0 = 4*b + 24. What is the highest common factor of i and p?
3
Suppose -20 = -3*a - a. Let m(s) = s**2 - 19*s + 20. Let t be (-407)/(-22) + (-1)/2. Let k be m(t). Calculate the highest common divisor of k and a.
1
Suppose 2*w - 4*n = -n, -4*w = -5*n. Suppose w = 11*z - 61 + 6. Let d be (-48)/(-15) + (-1)/z. What is the highest common factor of d and 69?
3
Let c(p) = -13*p - 183. Let j be c(-31). What is the greatest common factor of 1045 and j?
55
Let z(y) = y**2 - 16*y - 18. Let h be z(17). Let i be (-4)/h - ((-6 - -3) + -83). Calculate the highest common divisor of i and 36.
18
Let w be ((8/(-4))/2)/((-2)/6). Suppose -6 = -w*o + 6*o. Let k be (1089/2)/3*o/(-3). What is the greatest common factor of 11 and k?
11
Let a = -5377 - -11947. Calculate the greatest common divisor of 54 and a.
18
Let m be -74*(-1016)/32 + 1/2*-1. What is the highest common divisor of m and 810?
81
Suppose -4*n - 300 = -2*a, -5*a - 7*n + 10*n = -708. What is the greatest common factor of a and 46?
46
Suppose 103 = -42*m - 107. Let r(w) = 5*w**2 + 11*w - 57. Let g be r(m). What is the highest common factor of g and 312?
13
Suppose -o = 5*f + 17, 4*f + 1 = 3*o - 5. Let c be (16 + -17)/(o/96). Suppose 30 = -12*i + 17*i. What is the greatest common factor of i and c?
6
Let l be (-21)/(-6)*(-7 - -5). Let g = l - -8. Suppose -3*m + 41 = -g. Calculate the highest common divisor of m and 35.
7
Let d be ((-6934)/(-18) - 24/108)*3. What is the highest common factor of 7 and d?
7
Let x be (-1759)/(-22) - (-50)/1100. Let c be 718/6 + (-1)/(-3). Calculate the greatest common factor of x and c.
40
Suppose z = -d - 4*z, 0 = 3*z - 6. Let c be (-5)/2*8/d. Suppose -r - 5*g - 18 = 0, c*r + 14 = r - 4*g. Calculate the highest common divisor of 12 and r.
2
Suppose -17*t - 14 = -19*t + 22. What is the greatest common divisor of t and 117?
9
Let d = 111 - 103. Suppose -w = 2*y - 13, -3*y = -1 - d. Calculate the greatest common factor of w and 3.
1
Let b(t) = t**2 - t - 30. Suppose 0 = 2*w + 5*y + 48, 10 = -4*y - 6. Let u be b(w). What is the highest common factor of 60 and u?
60
Let c = -34 - -37. Let i = 144 + -129. What is the highest common factor of c and i?
3
Suppose -23*t - 536 - 220 = -27*t. Calculate the greatest common divisor of 273 and t.
21
Suppose -201 = -5*w - 2*q, -18 = -w + 2*q + 15. Let k = w + -41. Let x be (k + 1)/((-11)/759). Calculate the highest common divisor of 46 and x.
23
Suppose 828*u + 30105 = 873*u. What is the highest common factor of 9 and u?
3
Suppose 3*l + 54 = 4*m + l, -m + 4*l = -3. Let h be ((-80)/m)/((-2)/15). What is the greatest common factor of h and 56?
8
Let u = -192708 - -192764. Let c be 0 - 0 - (-44 - 0). Calculate the greatest common divisor of c and u.
4
Suppose -3*i + 125*i = 3538. What is the greatest common factor of i and 3770?
29
Suppose 1113 = 9*x - 201. Suppose 5*i - i = 1460. Calculate the highest common factor of i and x.
73
Let g = -279 - -695. Suppose 35*b - g = 9*b. Calculate the highest common divisor of b and 480.
16
Let w(k) be the second derivative of 11*k**4/12 + k**3/3 + 7*k**2/2 + 25*k + 1. Let n be w(-3). Calculate the greatest common factor of 20 and n.
20
Let i = 5 + -2. Suppose u + 11 = -z + 5*z, i*u - 35 = -5*z. Suppose 7*q - 83 = 1. What is the highest common factor of q and z?
4
Let f be 308/22*(-278)/(-7). What is the highest common factor of f and 16?
4
Suppose 306*m - 12*m - 95504 = 70606. Calculate the highest common divisor of 226 and m.
113
Let o = -60 + 60. Let t be (-1 + 7)*(2 + o). What is the highest common divisor of t and 228?
12
Suppose b - 4*b = 0. Suppose x - 18 = 2*z, 4*z - 2*z + 6 = b. Let u be x/28*7 + 272 + 1. What is the greatest common divisor of 46 and u?
46
Let w(c) = 750*c + 606. Let p be w(43). Calculate the highest common factor of 296 and p.
296
Let m = -18754 - -18887. What is the highest common factor of 5149 and m?
19
Let c(f) = 12*f + 4. Let l be c(3). Let w be 2/1 + 2400/(-5). Let h be 1/(3 - w/(-160)). Calculate the greatest common divisor of l and h.
40
Let q be 3/6*8 + (-11 - -380). Let w = q + -193. What is the greatest common factor of w and 72?
36
Let l be 1156/(-10)*(-535)/214. Let c = -314 - -212. Let u = c + l. Calculate the greatest common factor of u and 17.
17
Let h(v) be the first derivative of -v**3 - 41*v**2/2 + 2*v + 7. Let o be h(-13). What is the greatest common divisor of 98 and o?
14
Let y(c) = 18*c - 62. Let f = -190 - -194. Let v be y(f). Let p(z) = -6*z. Let i be p(-5). Calculate the highest common factor of i and v.
10
Let z(s) = -s - 39. Let o(b) = -13*b - 15*b + 27*b. Let c(t) = -2*o(t) - z(t). Let a be c(-9). Calculate the highest common divisor of a and 30.
6
Let n = 112 - 109. Suppose n*w + 123 = 5*p + 2*w, 0 = -p - w + 21. Suppose -5*o + 10*o - 40 = 0. What is the greatest common divisor of p and o?
8
Let u be 3 + (-10 - -56) - (1 + 2 + -2). What is the highest common divisor of 10 and u?
2
Let x = -529 + 761. Let p = -650 - -737. Calculate the greatest common divisor of x and p.
29
Suppose 5*n - 651 = -86. Let s = 188 - n. Let p = -5 + 20. What is the greatest common factor of p and s?
15
Let k = 530 - 752. Let t = k + 274. Calculate the highest common divisor of t and 234.
26
Let j(r) = 1522*r - 5157. Let a be j(5). Calculate the greatest common divisor of 77 and a.
11
Suppose -7*v - 87 + 122 = 0. Suppose 5*f + v*m = 3 + 332, -159 = -2*f + 3*m. What is the highest common divisor of f and 27?
9
Let g = 1948 - 1933. Suppose -105 = -2*s - s. Suppose 3*w - s = -4*z + 33, 96 = 5*z + w. What is the highest common factor of g and z?
5
Suppose 0 = 18*j + 37*j - 28984 - 35751. Calculate the greatest common divisor of j and 33.
11
Let v(z) = 457*z - 5. Suppose -x = -4*t + 2, 4*x - 3*x - 3*t = -1. Let q be v(x). Calculate the greatest common factor of q and 101.
101
Let o = -17376 - -18531. What is the greatest common factor of 1694 and o?
77
Suppose 10*k - 9*k + 252 = l, 3*k + 246 = l. Let j = l - 130. What is the greatest common divisor of j and 10?
5
Let s be (-56)/((3 + -2)*-1). Let h be 94 + -77 + 3*-3. What is the highest common factor of h and s?
8
Suppose -30*q + 5*s + 385 = -25*q, 3*q - 5*s = 235. Let d(y) = -2*y**3 - y**2 - y + 6. Let i be d(0). Calculate the greatest common factor of i and q.
3
Suppose 57 = -2*v + 179. Let z = 9 + v. What is the greatest common factor of 20 and z?
10
Let l be 17454 + ((-4)/(-12))/(45/810). What is the greatest common divisor of 4 and l?
4
Suppose 0 = -2*n + 3*m + 567, 12*n - 5*m + 1380 = 17*n. Suppose -3*y - 252 = -17*y. Calculate the highest common factor of n and y.
9
Let o(b) = -b**2 - 53*b - 171. Let r be o(-47). What is the greatest common divisor of 24 and r?
3
Suppose u + 12 - 55 = 3*s, 0 = -2*u + 4*s + 84. Suppose -2*n = 2*x - 88, 5*x = 6*x + 2*n - 40. Let q = x - u. What is the greatest common factor of q and 64?
8
Suppose -360 = 17264*m - 17276*m. What is the greatest common divisor of m and 490?
10
Suppose -13*d + 36 + 68 = 0. Suppose 4*l = -0*k + 2*k + 392, 5*l + 2*k - 490 = 0. Calculate the greatest common factor of d and l.
2
Let s = 2580 + -2355. What is the highest common divisor of 475 and s?
25
Suppose -n - 18 = -2*u, -8*u + 154 = 4*n + 50. Calculate the highest common factor of u and 5423.
11
Suppose 0 = 8*x - 144 + 40. Suppose -2*s - 2*s + 8 = 0. Suppose -l + 2*l + o - x = 0, -5*o + 26 = s*l. What is the greatest common factor of 117 and l?
13
Let p(x) = x + 1. Let q be p(4). Let u be ((-666)/(-15))/2*q. Suppose -3*d - u = -4*y, -3*y + 4*d - 2*d = -82. Calculate the highest common divisor of 12 and y.
12
Suppose 579*h - 576*h + 66 = 0. Let a = 190 + h. What is the highest common factor of a and 126?
42
Suppose -i + 92 = -52. Let l(s) = -3*s + 7. Let h be l(-9). Suppose 5*u + 64 = 3*w, 4*u = -2*w + 3*u + h. What is the highest common factor of i and w?
18
Let a be (-2 - (-1212)/(-10))*5/(-6)*3. What is the highest common factor of 1364 and a?
44
Let k = 17257 + -17215. Suppose -h - 2 + 9 = 0. Calculate the greatest comm